r) = -5*r**3 + 2*r**2 + 2*r + 1. Let o be p(-1). Let k be (4/o)/(q/9). Let a(z) = 4*z - 3. What is a(k)?
5
Suppose 3 = 2*p - 3. Let z(v) = 2*v**p - 4*v - 3*v**3 - 3*v**2 - v**2. Determine z(-3).
3
Let c(d) = -d - 5. Suppose -24 - 31 = 5*n. Let i = n - -7. Calculate c(i).
-1
Let j(q) be the third derivative of -q**2 + 0*q + 7/24*q**4 - 1/2*q**3 + 0. Calculate j(2).
11
Let g = -76 + 78. Let u(y) be the third derivative of 3*y**g + 7/6*y**3 + 1/24*y**4 + 0*y + 0. What is u(-5)?
2
Let m(l) = l**2 - 5*l - 6. Suppose -4 = -2*x + x, 3*x + 12 = -3*y. Let u = y - -13. Give m(u).
-6
Let n be 0/(-3) - -2 - 2. Let u(f) = f**3 - f. What is u(n)?
0
Let w = -3 - 0. Let q(c) be the second derivative of -c**5/20 - c**4/12 + c**3/2 - 2*c**2 - c. What is q(w)?
5
Let l(c) = -c**3 + c**2 + 3*c - 3. Let x = -61 + 64. What is l(x)?
-12
Let n = 1 + 2. Let c(d) = d**3 - 2*d**2 + 6*d - 7. Let l(p) = -p**3 + 2*p**2 - 5*p + 6. Let r(v) = 6*c(v) + 7*l(v). Calculate r(n).
-6
Let q(s) = s + 8. Let a be 1*(-55 + 2/1). Let i = a - -98. Suppose 4*g - 6 = -5*f - 1, 0 = -5*g + 4*f - i. What is q(g)?
3
Let g(q) = q**3 - q**2 - q + 1. Suppose -2*f = 3*f. Let x = f - 0. What is g(x)?
1
Let z(d) = -4 - 271*d + 272*d + 3. What is z(-2)?
-3
Suppose 3*z = 2*h + 4 + 3, 3*h = -5*z + 18. Let x be 0 + (1 + z)*1. Let a(j) = -j**2 + 3*j + 3. What is a(x)?
-1
Let s(t) = t**2 - 2*t + 4 - 4*t**2 + 17*t + 4*t. Let h(z) = -2*z**2 + 13*z + 3. Let n(i) = 7*h(i) - 5*s(i). Give n(4).
1
Let n = -16 - -21. Let x(s) = s + 0*s - n*s. Give x(1).
-4
Suppose -6*j + j - 25 = 0. Let r = -7 + 9. Let b(h) = -h**3 - 11*h**2 + 4 + r*h + 0 - 1 + 6*h**2. Calculate b(j).
-7
Let f(g) = 3 - 3 - 89*g - 1 + 95*g. Give f(2).
11
Let u(r) = -r - 3. Let k be -2 - 2/(-5)*-5. Determine u(k).
1
Let g(t) = -t**3 + t - 15. Suppose 5*i = 2*a - 4*a - 4, 2*i = -3*a - 6. Determine g(i).
-15
Let a(z) = -2*z**3 + 5*z**2 - 8*z + 1. Let f(b) = -b**3 + 2*b**2 - 4*b + 1. Let c(o) = 3*a(o) - 5*f(o). Let w = 9 + -5. Determine c(w).
-2
Let m(b) = 5*b**3 + b**2 - 12*b - 6. Let w(l) = -14*l**3 - 2*l**2 + 35*l + 18. Let p(u) = 17*m(u) + 6*w(u). What is p(-4)?
-2
Let p(r) be the third derivative of -r**6/120 - r**5/20 + r**4/12 + r**2. Suppose -4*x + 3*j + 1 = -5*x, -x - 2*j = 2. Determine p(x).
8
Suppose -3*h - 5 = 4. Let j(w) = w**2 + 3. Let l(u) be the second derivative of -u**5/20 - u**4/12 - u**3/6 - u**2/2 + u. Let c(p) = j(p) - l(p). What is c(h)?
-8
Let r be 6 + -2 + 0 - 1. Let w(u) be the first derivative of 2 + 0*u**2 + 6*u + 1/3*u**r. What is w(0)?
6
Let z(b) = -6*b**2 - 3*b - 9. Let r(y) = 3*y**2 + 2*y**2 + 4*y**2 + 13 + y + 4*y. Let t(d) = -5*r(d) - 7*z(d). What is t(-2)?
-6
Let k(l) = 4*l + 0*l - 2 - 5*l**2 - l**3 - 3*l. Suppose 5*b - 30 = 2*x, -4*b = -5*x + 3*x - 26. Calculate k(x).
-7
Let s(z) = z + 7. Let n be s(-7). Suppose x + 1 + 3 = n. Let y(k) = 8*k - 17. Let q(d) = -3*d + 6. Let f(r) = -11*q(r) - 4*y(r). What is f(x)?
-2
Let y(t) = -t + 6. Let d be y(0). Suppose d*j - j = 0. Suppose j = 4*z - 0 - 16. Let c(x) = x**3 - 5*x**2 + 7*x - 5. What is c(z)?
7
Let u(g) = -3*g**3 - 1 + 7*g + 4*g - 10*g + 2*g**2. Calculate u(2).
-15
Let a(q) be the third derivative of -q**6/120 - q**5/60 + q**4/8 + q**3/3 + q**2. Let u be 2/7 + (-32)/14. What is a(u)?
0
Let x(s) be the third derivative of 1/3*s**3 + 0 + 0*s + 1/15*s**5 + 1/12*s**4 + 3*s**2. Determine x(-2).
14
Let a(i) = i - 1. Let n = 8 + -22. Let k be 2 + (n - 0/1). Let z = k + 7. Calculate a(z).
-6
Let h(w) = 2*w**3 - w**2 + 8*w - 13. Let f(q) = -q**3 + q**2 - 4*q + 7. Let r(g) = -11*f(g) - 6*h(g). Determine r(-4).
1
Let s be (-5 - -11) + (2 - 4). Let m(n) be the second derivative of -n**4/12 + 2*n**3/3 + 5*n**2/2 - n. Determine m(s).
5
Let v(l) = -2*l**2 + 1. Let d be (-2)/4*(7 - 5). Calculate v(d).
-1
Let o(l) = -l**3 - 6*l**2 - 4*l + 7. Let i be o(-5). Suppose 4 + 6 = -i*g. Let u(d) = d - 3. Determine u(g).
-8
Let v = -4 + 3. Let u(o) = o**2 + o - 1. Let r(c) be the first derivative of c**3 + 5*c**2/2 - c - 1. Let d(g) = v*r(g) + 2*u(g). Calculate d(-3).
-1
Let a be 2/(-3) + (-2)/6. Let z(p) = -8*p + 1 - p + 3*p**2 + 12*p - p. What is z(a)?
2
Suppose 0 = 3*m - 5 + 2. Let x(o) = -o**3 - 10*o**2 - 9*o + 1. Let h be x(-9). Let s(b) = 3*b + 7*b - h - b - 3*b. What is s(m)?
5
Let m(v) = v**2 - 2*v + 6. Let y(x) be the second derivative of -x**3/6 - 3*x. Let l(r) = -m(r) - 4*y(r). Determine l(4).
2
Let y(m) be the second derivative of -m**4/12 - m**3/2 + m**2 - 40*m. Suppose -t - 6 = -2*f, 2*f = -2*t - 0*f. Give y(t).
4
Let c = 12 - 6. Suppose -c*q - 12 = -2*q. Let y(r) = r**3 + 7*r**2 + 4*r - 2. Let k(z) = z**3 + 6*z**2 + 3*z - 1. Let t(g) = -4*k(g) + 3*y(g). Determine t(q).
-2
Suppose -3*w + 5*m - 15 = 0, 8 = -4*w + 3*m - 1. Let p(a) = a - 1. Let j(d) = -6*d + 11. Let s(k) = -j(k) - 5*p(k). Calculate s(w).
-6
Let p(w) = 5*w**3 + 2*w**2 + 3*w + 3. Let m(i) = i**3 + i**2 + i + 1. Let h(b) = -6*m(b) + p(b). Suppose -g + 2 + 1 = 0. Let q be g - (-2 - -5) - 2. Give h(q).
-5
Let a(b) = -b - 1. Let t(l) = -6*l**2 - 7*l + 8. Let i(k) = 5*k**2 + 7*k - 7. Let r(g) = -5*i(g) - 4*t(g). Let s be r(-7). Give a(s).
-4
Let a be (-1)/(((-8)/12)/(-2)). Let g(p) = p**2 + 9*p - 10. Let u(m) = -m**2 - 8*m + 9. Let c(z) = -5*g(z) - 6*u(z). Give c(a).
-4
Let y(u) be the first derivative of -u**3/3 + u**2 + 5*u - 1. Calculate y(6).
-19
Let d be (4 + -9)/10*-6. Let t(x) = 3*x**2 - 2*x - 2. Let g(r) = -7*r**2 + 5*r + 4. Let h(y) = 4*g(y) + 9*t(y). Determine h(d).
-5
Let u be (-4)/(-3) - (-2)/(-6). Let c(o) = 45 - 45 + o. Determine c(u).
1
Let v(r) = 0*r + r + 1 + 1. Suppose -5*y = 5*f + 50, 2*f = -2*f - 20. Give v(y).
-3
Let o(z) = -z**3 + 2*z**2 + 3*z - 3. Let v be (7 + -2)*(-6)/(-15). Let m be o(v). Let l(j) = -j**3 + 2*j**2 + 3*j + 2. Give l(m).
2
Let a(o) = 4*o - 4. Let c(k) = k - 1. Let n(h) = -a(h) + 5*c(h). Let b(g) = -10*g + 10. Let w(d) = -b(d) - 12*n(d). Determine w(2).
-2
Let a(f) be the first derivative of -f**3/3 - 3*f**2/2 + 5*f - 22. Calculate a(-5).
-5
Let o(j) = -2*j - 5. Let u(v) = 2*v + 5. Let c(i) = 4*o(i) + 5*u(i). What is c(-4)?
-3
Let l(o) = o - 5. Let k(n) = 5*n - 1. Let r be k(1). Determine l(r).
-1
Let y be ((-24)/(-28))/((-1)/(-7)). Suppose -y = -2*h + 2. Suppose -7 = -3*l + 5*m, 5*l - 21 = 3*m - h. Let r(q) = -q**3 + 3*q**2 + 6*q - 5. What is r(l)?
3
Suppose 0 = -5*j - u - 12, u = -3*j + 6 - 14. Let f(r) = r**3 - 2*r**2. Determine f(j).
-16
Suppose 4*h - 8*h = 2*u - 6, -3*h = 3. Let o(y) = -y**2 + 5*y + 7. Give o(u).
7
Let p(a) = 6*a**3 - a**2 - 4*a - 10. Let l(o) = o**3 + o**2 - o - 1. Let q(v) = -5*l(v) + p(v). Give q(6).
1
Let f(m) be the second derivative of -m**5/20 - m**4/4 + 5*m**3/6 + m**2/2 - 3*m. What is f(-4)?
-3
Let f(x) be the third derivative of x**4/12 + x**3 + 49*x**2. What is f(9)?
24
Let t(z) = z - 2. Let x be 26/(-8) - (-2)/8. Let j(w) = -2*w. Let k(o) = -1. Let c(h) = x*k(h) - j(h). Let a be c(-3). What is t(a)?
-5
Suppose 0 = -0*q + 4*q - 20. Let w(z) = -4*z**2 + 0*z**2 - 2*z**3 + 3*z**3 - 7 - 4*z. Calculate w(q).
-2
Let t(m) = m**3 - 2*m**2 - 2*m - 3. Suppose u + 2*k = -7, -5*u + 35 = -0*k - 4*k. Calculate t(u).
0
Let h(i) = -3 + 3 - 2 + i + 0. What is h(5)?
3
Let y(r) = r**2 + 9*r + 8. Suppose 3*i = 4*i - 4. Suppose -4*n + i*t - 9 = -n, n = -2*t - 13. Let f be y(n). Let g(w) = w + 6. Determine g(f).
0
Let g(o) = -o - 8 + 15 - 5 - 11. Let n(d) = -6*d**2 + 2*d - 1. Let c be n(1). Calculate g(c).
-4
Let t(m) = -m**3 - 2*m**2 + 7*m + 5. Suppose 28*n - 20 = 33*n. Determine t(n).
9
Let k(r) = 6*r - 2 + 12*r - 11*r. Give k(-2).
-16
Let y(u) = -u**2 + 16*u + 7. Let f be y(16). Let w(c) = -c + 2. Calculate w(f).
-5
Let k(j) = j**3 - j - 1. Let c(h) = h**2 - 5*h - 4. Suppose -2*u = -3 + 21. Let x = u + 15. Let t be c(x). Determine k(t).
5
Let j(q) be the second derivative of -q**5/20 + q**4/6 + q**3/2 + 3*q**2/2 - 17*q. What is j(3)?
3
Let r(f) = -3*f - 4. Let d be r(-3). Let v(z) = 3*z**3 - 3*z**3 + 3*z - 7*z - 3 - z**3 + 6*z**2. Calculate v(d).
2
Let r = 4 - 2. Let q(i) = 3*i + 1 + 0*i - r*i. Suppose -57*v + 62*v - 20 = 0. Calculate q(v).
5
Let l(s) be the second derivative of s**4/6 - s**3/3 + s**2/2 + 23*s. Determine l(2).
5
Let b(r) = r**2 - 4*r + 4. Let c be b(4). Let y(f) = f**2 - c - f + 2 - 2*f**2. Let l(h) = h**3 + 13*h**2 + h + 10. Let a be l(-13). De